 the greatest common factor of l and 20?
10
Suppose i + 3 = 5*v + 32, 5*v + 33 = 2*i. Suppose -n = -40 + i. What is the highest common divisor of 4 and n?
4
Let y = 3 + -1. Suppose -2*c + 20 = -y*z, c + z + 0*z = 20. Suppose 0*s - 2*s = -330. Calculate the highest common divisor of c and s.
15
Let u(t) = t**2 + 3*t - 3. Let k be u(-7). What is the highest common factor of 10 and k?
5
Suppose 7*x - 11*x + 88 = 0. Calculate the greatest common factor of x and 55.
11
Let k(l) = 4*l - 7. Let f be k(5). Let r = 315 + -211. What is the highest common divisor of r and f?
13
Let w be -6 + 5 + 2 + 209. Let u = 334 - w. What is the greatest common factor of 31 and u?
31
Suppose 8 + 10 = 2*m. Calculate the highest common divisor of 9 and m.
9
Let f be -1*2 + 199 - -1. Suppose -t - 7 = 2*q, -2 = -3*t + 5*q - 1. Let v = t + 21. What is the greatest common divisor of v and f?
18
Suppose -r = -5*r + 48. Calculate the highest common divisor of 30 and r.
6
Suppose 580 = -3*f + 118. Let u be f/(-12) + 9/54. What is the highest common divisor of u and 13?
13
Let a = 39 + -9. Let p = -5 - -9. Suppose -4*f = -3*k + 221, -p*f + 60 = k - 19. Calculate the highest common factor of k and a.
15
Let n be ((-20)/16)/((-1)/40). Suppose 2*d = -4*w - 108 - n, -4*d + 84 = -2*w. Let k be w/3*(-60)/16. What is the highest common divisor of 20 and k?
10
Let p(b) = b**2 - 5*b - 7. Let n be p(7). What is the greatest common divisor of n and 28?
7
Let m(a) = a**2 + 8*a - 9. Let c be m(-7). Let v = c - -25. Suppose -82 = -3*p + 161. What is the highest common divisor of p and v?
9
Suppose 0 = -2*n - 3*n. Suppose n = 3*v - v - 8. Suppose 2*d = 2*u + 54, -d - v*u = d - 60. What is the greatest common divisor of 70 and d?
14
Suppose 0 = -2*a + 6*a + 8. Let b(u) = u**2 + 4*u + 3. Let j be b(-6). Let y be 100/j - a/(-3). Calculate the highest common divisor of 12 and y.
6
Suppose -4*b + 4 = -2*x, -b + 1 = -2*x + 3. Calculate the greatest common divisor of x and 8.
2
Let m(i) = i**3 - 9*i**2 + 11*i - 12. Let x be m(8). Let s be (-9)/x*(-40)/1. Suppose 0*a - s = -2*a. What is the highest common divisor of 75 and a?
15
Suppose -3*w = 5*l - 142, 2*w - 6*w = -3*l + 62. Calculate the highest common divisor of 26 and l.
26
Suppose g = -2*g + 30. Suppose 0 = 3*r - 2*r - v - 37, 5*v = g. Let c(u) = u**2 - u + 26. Let o be c(0). What is the greatest common divisor of r and o?
13
Let v = 19 - 2. What is the greatest common factor of v and 34?
17
Suppose 0 = -5*w + 5, 2*q + 5*w - 35 = -q. Suppose -g = g - 234. Let i = -67 + g. Calculate the highest common divisor of q and i.
10
Let d = 98 - -2. Calculate the highest common divisor of 25 and d.
25
Let z(k) = 2*k + 1. Let w be z(1). Suppose -w*f = f - 352. Calculate the highest common factor of f and 8.
8
Let t(i) = -i**2 - 7*i - 4. Let g be t(-6). Suppose 0*r = 2*r - g. Let a be r - 1 - (-4 - -3). What is the highest common divisor of 9 and a?
1
Let t be 10/(-8)*-2*2. Let n(x) = -x**2 - 6*x - 4. Let r be n(-5). What is the highest common divisor of t and r?
1
Let y be 4*(26/(-8) - -4). Calculate the greatest common divisor of 12 and y.
3
Let c be -7 - (-276)/42 - 73/(-7). Calculate the highest common factor of c and 130.
10
Let z be (-4)/14 - (-51)/7. Suppose 0 = 3*l - 8*l + 35. Suppose 0 = 2*j - 3*j + l. What is the greatest common divisor of z and j?
7
Suppose 5*h - 734 = 256. Let g = 56 - 34. Calculate the greatest common factor of h and g.
22
Let u(h) = -h**3 + 20. Let t be u(0). Suppose -4*y - t = 0, k + 2*y = -2*k + 143. Let v be 2 + (-16)/(-2)*4. What is the greatest common divisor of k and v?
17
Let n = 16 + -10. Let i be 1/(-3) - (-8)/n. What is the greatest common divisor of i and 8?
1
Suppose 2 = -5*g - 8. Let u(w) = 5*w**2 + w + 1. Let i be u(g). Suppose -q = -2 - 17. What is the greatest common factor of q and i?
19
Suppose 3*m + 4*p - 176 = 22, 4*p + 362 = 5*m. Suppose g = 4*g - 30. What is the greatest common factor of m and g?
10
Suppose 3*i - w = 2*i + 13, 0 = 4*i + 4*w - 20. Suppose r = -v + 5*v - 4, 5*r = 0. Calculate the greatest common divisor of i and v.
1
Let v = 6 - 4. Suppose 55 = v*h + 5*g, -g - 4*g = -h - 10. What is the highest common factor of 165 and h?
15
Let g = -5 - -10. Suppose 5*n - 27 + 2 = 0, -2*n = -5*i + 10. Suppose -79 - 41 = -i*j. Calculate the highest common divisor of j and g.
5
Suppose 10 = -3*r + 5*o, 4*r + 2*o + o + 23 = 0. Let l be 2*(-3)/6*r. Suppose w - 6 = -g + 5, 3*w + 42 = 2*g. Calculate the greatest common divisor of l and g.
5
Suppose -10 = 2*q - 5*u, 0 = q - 0*q - u - 1. Let k(b) = -b**3 + 11*b**2 - 4*b + 2. Let d be k(q). What is the greatest common factor of d and 12?
12
Let t(p) be the first derivative of -p**3/3 + 11*p**2/2 + 3. Let c be t(5). Calculate the greatest common divisor of c and 30.
30
Suppose 18 = r + 5*n, n - 25 = -5*r - 7. What is the greatest common divisor of r and 69?
3
Let x = 0 + -13. Let q = x - -26. Let y(j) = 13*j**2 - j + 1. Let n be y(1). What is the highest common factor of n and q?
13
Suppose -5*i - 2*c = -26, 4*i - 2*c - 2*c - 4 = 0. What is the highest common factor of 28 and i?
4
Let v = -13 + 8. Let j = v - -21. Calculate the greatest common factor of 40 and j.
8
Suppose 2*l - 1 = -33. Let s = -10 - l. Calculate the highest common factor of s and 6.
6
Let q be (-442)/(-5) + (-2)/5. Suppose p - 6 = -1. Suppose 0 = -5*h - 0*j - 4*j + 47, p*h = 2*j + 59. What is the highest common factor of h and q?
11
Let p be (4/(-5))/((-5)/25). Suppose 0 = -u - p*u + 15, 15 = -3*l - 4*u. Let h be (-3)/(l/6) - -28. What is the greatest common divisor of 15 and h?
15
Let t be (1 - 11)*(-4 - -3). Suppose t = -c + 3*c. Suppose -k = -c*k + 4. What is the highest common divisor of 6 and k?
1
Suppose -9*z + 8*z + 12 = 0. Calculate the greatest common divisor of z and 96.
12
Suppose 0 = 3*h - 10 + 1. Let p(y) = 6*y - 3. Let b be p(h). What is the greatest common divisor of b and 75?
15
Let k be 2/(-9) - 176/18. Let s be 5/2*(-8)/k. Calculate the highest common divisor of 16 and s.
2
Let g(u) = 6*u. Let n be g(1). Suppose 0 = 4*d + 3*m - 15, -5*d - m - 5 = -32. What is the greatest common factor of d and n?
6
Let f(v) = -2*v**3 + v**2. Let h be f(-2). Calculate the highest common factor of 5 and h.
5
Let r = 2 + 0. Let b = -39 + 76. Suppose 0 = -4*g + 5*s - 0*s + b, 0 = -3*g - 4*s - 11. What is the greatest common divisor of g and r?
1
Suppose -3*q + 12 = 5*d, 0 = -0*q - q - 2*d + 4. Let m be (-2 + 53/q)*12. What is the highest common divisor of m and 54?
27
Let r(a) = 6*a + a**2 + 1 - 4*a - 5 + 2. Let c be r(3). What is the greatest common divisor of 91 and c?
13
Suppose 14 - 44 = -3*k. Let n(u) = -u**3 + 9*u + 2. Let q be n(-4). What is the highest common factor of q and k?
10
Suppose -19 = -5*t + 6. Suppose u + 2 - 7 = 0. Suppose -u*d - 69 = -t*k + k, 49 = 3*k - d. Calculate the highest common divisor of 8 and k.
8
Let i(b) = 33*b. Let x be i(1). Let d = 3 - 3. Suppose d*z - 22 = -z. Calculate the highest common divisor of x and z.
11
Let x be (-4 + 5)/((-3)/(-462)). Calculate the highest common divisor of 22 and x.
22
Suppose -2*s + 6*s - 27 = 3*n, 3*n = -3*s + 15. Suppose -s - 54 = -v. What is the highest common factor of v and 15?
15
Let l = -2 - -8. Let n be (-3)/(3/(-2) + 1). Calculate the highest common factor of n and l.
6
Let m(p) = 55*p**3 + 2*p + 1. Let q be m(-1). Let v be 0 - (q + (-2)/2). Let x(n) = 2*n**2 + 1. Let i be x(3). Calculate the highest common divisor of i and v.
19
Let u(c) = -c**2 - 18*c - 38. Let l be u(-8). Let x = -41 - -146. Calculate the highest common factor of x and l.
21
Let x = 0 - 6. Let i(g) = g**3 + 8*g**2 + 8*g - 5. Let c be i(x). What is the greatest common divisor of 209 and c?
19
Suppose -4*d = 1 - 57. Suppose -u = u + 2*r - d, 3*r - 27 = -4*u. Suppose -u = q + 5*k + 4, 37 = 5*q - 4*k. What is the highest common factor of q and 1?
1
Let o be 104 + (1 + 2 - 4/2). Calculate the greatest common divisor of o and 35.
35
Let g be (-9)/(6/2 + -4). Let d be -2*g/(-12)*2. Suppose d*n = n + 18. Calculate the highest common factor of n and 99.
9
Let o be ((-638)/4)/(5/(-10)). What is the highest common factor of 29 and o?
29
Let f(d) = d**2 + 2*d - 7. Let l(s) = -s**2 - 1. Let a be l(-2). Let t be f(a). Let m = -14 + 78. What is the highest common f